- 2*m - 2*m**2 - 1. Let a be o(-3). Let x(d) = 5*d**2 + 3*d + 1. Let h(g) = g**2 + g + 1. Let r(k) = 6*h(k) - x(k). What is r(a)?
9
Let q(w) = -6*w**3 - 4*w**2 - 2*w - 7. Let u(j) = j**3 + j**2 + j + 1. Let y(l) = -q(l) - 5*u(l). Determine y(2).
0
Suppose l - 1 = 2. Let i(v) = -v**2 + 5*v - 4. Determine i(l).
2
Let y(c) be the third derivative of -1/6*c**3 + 0*c - 1/12*c**4 - c**2 + 0. Let p(w) = 2*w**3 + 2*w**2 - 3*w - 2. Let v be p(-2). What is y(v)?
7
Suppose -4*p - l = -0*p + 48, -p = -4*l + 29. Let t(d) = 8*d - 55. Let m be t(8). Let y = p + m. Let w(r) = r**3 + 4*r**2 + r - 3. What is w(y)?
-7
Suppose 7*f = 3*f - 4. Let w(h) be the first derivative of h**4 + h + 0*h**2 + 1 - 2/3*h**3. Calculate w(f).
-5
Let l(c) = -c + 6. Let f = -25 - -34. What is l(f)?
-3
Let o(u) be the first derivative of u**3/3 - u + 6. Let k(j) = -j**2 + 8*j + 5. Let t(l) = -k(l) - 2*o(l). Give t(-6).
9
Let x(o) = -o**2 + 2. Let a be x(2). Let y(q) = -q - 3. Let r(g) = 2*g + 3. Let z(k) = 6*r(k) + 5*y(k). Determine z(a).
-11
Let p(i) be the third derivative of 1/12*i**4 + 0 - 2*i**2 + 0*i - 1/3*i**3. Give p(2).
2
Let y(m) = -m - 2. Let u be y(5). Let n(i) = i**2 + 8*i + 2. Let l be n(u). Let v(x) = x**3 + 6*x**2 + 2*x - 4. Calculate v(l).
11
Suppose -3*y - y = -4. Let d be (-1 - -1) + (-2)/y. Let x(c) = c + 2. What is x(d)?
0
Let d(s) = s - 1. Let v(b) = -3*b + 3. Let g(j) = 17*d(j) + 6*v(j). What is g(0)?
1
Suppose 0 = -2*j + 4. Suppose -j*m - 9 = -5*m. Let y(a) be the first derivative of a**4/4 - 2*a**3/3 - a + 1. Calculate y(m).
8
Suppose 5*s = 5 - 0, 2*o - 2 = 4*s. Let h(u) = -3*u - 8. Let t(k) = 2*k + 7. Let d(j) = -3*h(j) - 4*t(j). Give d(o).
-1
Let r be (-2 + (2 - -1))*3. Suppose v + 1 = 3. Let m(q) = -4*q**2 + 7*q**v - 3*q**2 - 4 + 5*q - q**2. Determine m(r).
2
Suppose -2*g = g - 33. Let h = -19 + 13. Let x = h + g. Let b(m) = -m**3 + 5*m**2 - m. What is b(x)?
-5
Suppose 4*r + g = 24, 0 = -5*r - 4*g + 2*g + 27. Let c(d) = 6 - d + 8 - 1. Calculate c(r).
6
Let j(o) = o**3 + 4*o**2 + o + 2. Let a(f) = f**2 - 6*f + 7. Let c be a(5). Suppose 3*y = c*y - 4. Give j(y).
-2
Let l = 1 + 1. Let f(u) = -l*u**2 + 2 + 0*u**2 + 3*u**2 + 4*u. Let s = 707 + -712. What is f(s)?
7
Let b(n) = -n**3 - 6*n - 6. Let p(l) = -3*l**3 + l**2 - 18*l - 18. Let h(u) = 17*b(u) - 6*p(u). Calculate h(5).
11
Let o = -7 - -11. Let v(n) = n - 3*n**3 - 2*n**3 + n**2 + o*n**3. Calculate v(-1).
1
Let g(d) = d**3 + 4*d**2 - 5*d + 3. Suppose 0 = -3*v + t + 5, -3*t + 14 = 2*v - 4. Suppose 0 = 2*r + 5*b + 25, v*r = -4*b - 7 - 20. Calculate g(r).
3
Let f = 196 + -193. Let y(m) be the second derivative of 1/12*m**4 + 0 + 4*m - 3/2*m**2 + 5/6*m**f. Determine y(-6).
3
Let z(h) = -4*h**3 - h**2 - h - 2. Let g(o) = 1. Let b(k) = 3*g(k) + z(k). Let i be b(1). Let r(l) = l**2 + 6*l + 7. Determine r(i).
2
Let w(s) = 1 + s + 0 - 8 + 4. Determine w(0).
-3
Let m(n) = -63 - 3*n + 64 + 8*n. Give m(2).
11
Let g(d) = -d + 1. Suppose 6*u = 2*u. Give g(u).
1
Let b(d) be the first derivative of d**4/4 + d**3/3 + d**2/2 - d + 2. Let h(o) = -o**3 - o**2 - 4*o + 4. Let u(z) = -3*b(z) - h(z). What is u(-2)?
5
Let r(m) be the third derivative of m**5/60 - 7*m**4/24 + m**3/6 - 40*m**2. Calculate r(5).
-9
Let s(q) = -2*q**3 - 54*q**2 - 53*q - 29. Let j be s(-26). Let g(v) be the third derivative of -v**5/60 + v**4/24 + 2*v**3/3 + v**2. Determine g(j).
-8
Let x be (-4 - (-6)/2)/(-1). Let h(p) = -9*p**3 + p. Calculate h(x).
-8
Let p = -16 + 29. Suppose p = 5*f + 3. Let s(q) = -3*q**3 + 2*q**2 + 2*q. Determine s(f).
-12
Let p = 6 - 0. Let d(m) = -m**3 + 5*m**2 + 6*m - 3. Calculate d(p).
-3
Let m(x) = x**2 - 9*x + 9. Suppose 3*t = -3*w + 3, 5*w - 16 = w + 2*t. Suppose -w*g = -4*g + 6. Give m(g).
-9
Let r(p) = 3 + 4*p - 2*p - 2. Determine r(2).
5
Let g be 1*-2*(-33)/22. Let h(x) be the second derivative of 0 - x**2 - x - 1/6*x**g. Calculate h(-5).
3
Let o(u) = -u. Let r(d) = 2 + 4*d + 1 - 2 + 0. Let n(l) = 5*o(l) + r(l). Give n(0).
1
Let m(y) = y**3 - 4*y**2 + 3*y + 1. Let d(t) = t**2 + 8*t + 9. Let o be d(-8). Let b = o + -6. What is m(b)?
1
Let w(s) = -s**2 + 8*s - 7. Let y = -6 - -13. Let u be w(y). Suppose u = 4*b + 5*z - 35, 2*b - 16 = -3*z + z. Let k(c) = c + 1. Determine k(b).
6
Let a(c) = c**3. Let h(w) = -w - 3. Let u be h(-4). Let y be a(u). Let z(t) be the second derivative of -t**4/12 - t**3/3 + t**2/2 + 2*t. Calculate z(y).
-2
Let l(u) = -u**2 - u + 4. Let s = 8 - 12. Let d(w) = -w - 6. Let f be d(s). Let y be (f - -2)/(4 + -2). What is l(y)?
4
Let f(a) = -3*a + 3. Let m be (-1)/(-12)*69*-4. Let v = m + 26. Give f(v).
-6
Let g(u) = -15*u**2 - 10*u + 29. Let v(x) = 7 - 8*x**2 + 7 + 0 + x**2 - 5*x. Let l(t) = 6*g(t) - 13*v(t). Give l(-6).
-2
Suppose 2*c = -5*z - c + 32, 0 = -z + c. Suppose -29 = -5*r - z. Let f(l) = -l**2 + 4*l. Give f(r).
-5
Let x(j) = -4*j - j + 65*j**2 - 5 + 4*j - 64*j**2. Let k = -5 + 5. Determine x(k).
-5
Let k(a) be the third derivative of -a**6/120 + a**5/60 - a**4/24 + 3*a**3/2 - 4*a**2. Determine k(0).
9
Let v(n) be the third derivative of -n**5/60 + n**4/24 + 7*n**3/6 - 8*n**2. Determine v(0).
7
Let v(c) be the third derivative of -c**4/24 - c**3/6 - 50*c**2. Calculate v(-2).
1
Let c = 2 + -1. Let d(u) = -10*u - 8. Let z = -10 - -3. Let f(y) = 9*y + 7. Let s(p) = z*f(p) - 6*d(p). Calculate s(c).
-4
Let a(p) = -2 + 2 + p + 14*p. Determine a(-1).
-15
Suppose -61 = 18*d - 115. Let n(i) = 1 + i + 4*i**2 - i**2 - 4*i**2. Give n(d).
-5
Suppose 5*k - 16 - 4 = 0. Let z(u) = -u - 3*u - 6 + u + k*u. Calculate z(3).
-3
Let m(a) = a - 3. Let o be (-3)/((-3)/9*3*-1). Give m(o).
-6
Let b(f) = f**2 - 4*f - 6. Let u be b(5). Let v(h) be the third derivative of h**4/8 - h**3/6 + 8*h**2. Calculate v(u).
-4
Let o(d) = -11 + d + 6*d - 2*d - d. Let m(g) = -3*g + 10. Suppose 3 = p + 5. Let b(r) = p*o(r) - 3*m(r). Calculate b(0).
-8
Let z(v) = v**3 - 3*v**2 - 5*v. Let i(w) = w**3 - 3*w**2 - 6*w. Let h(s) = 5*i(s) - 6*z(s). Let r = -20 + 14. Let t = -3 - r. Give h(t).
0
Let p(r) be the first derivative of -r**5/120 + 2*r**3/3 + 1. Let v(b) be the third derivative of p(b). Determine v(1).
-1
Let o(w) = -w**3 + 6*w**2 - 5*w - 5. Let b be o(5). Let k(h) = h - 4. Calculate k(b).
-9
Let u(f) = -2*f**3 + 2*f**2 + f + 1. Suppose 0 = 2*b - 23 + 3. Suppose -4*w - 2 = -b. Determine u(w).
-5
Suppose 65*i - 62*i + 9 = 0. Let a(q) = -3*q**2 - 3*q - 1. Determine a(i).
-19
Let a(t) be the third derivative of -t**6/144 - t**5/120 + t**4/12 - 2*t**2. Let l(n) be the second derivative of a(n). What is l(-2)?
9
Let p(i) = 4*i - 9. Let w be p(6). Suppose 4*c - w = c. Let z(r) = r - 2 + c + 1. What is z(-4)?
0
Let t be (3/6)/((-1)/(-2)). Suppose -s = -3*q - 9, -4*s = 5*q - t - 1. Let d(b) = -b**2 + b - 2. Determine d(s).
-8
Let g(n) = -n**3 - 2*n**2 + 5*n + 1. Let k(s) = s**3 - s. Let l(a) = -g(a) - 5*k(a). Calculate l(1).
-3
Let i(p) = -2*p. Suppose 0 = 12*y - 2*y - 70. Give i(y).
-14
Let k(v) = -v + 4*v**2 + 1 + 0*v**2 - v**3 - 3*v**2. Give k(0).
1
Let b = -4 + 6. Suppose b*g = y + 3*y + 24, -2*g - 4*y - 16 = 0. Let f(m) = 0 + 3*m + 4 - m**2 - m**3 - 3*m**g - 4*m. Calculate f(-4).
8
Let k(g) = -3*g - 2 - 6 + 4 + g. What is k(-4)?
4
Let x = 3 + -5. Let h be (x/(-4))/(1/6). Let r(a) = a**3 - 5*a**2 + 4*a + 1. Calculate r(h).
-5
Let c(h) = -h**3 + 8*h**2 - 4. Let u be (-208)/(-24) - (-2)/(-3). What is c(u)?
-4
Let n(m) = 2*m + 8. Let y(q) = -3*q - 9. Let w(p) = -4*n(p) - 3*y(p). Suppose 2*j + 8 + 12 = 0. Let u be 4/j - 2/(-5). Give w(u).
-5
Let v(t) be the second derivative of -t**5/60 + t**4/24 + 5*t**3/6 - t**2 + 2*t. Let d(c) be the first derivative of v(c). Let s = -6 + 10. Give d(s).
-7
Let n(p) = -p**2. Let d(k) = k**2 - 5*k - 2. Let i(m) = m**2 + 1. Let b(o) = -d(o) - 6*i(o). Let u(j) = b(j) - 6*n(j). Determine u(4).
0
Let n(d) = 4*d**2 + 4*d - 2. Let s(q) = -q + 1. Let c(w) = -n(w) - 4*s(w). What is c(2)?
-18
Let i be 2*5 - (3 + -3). Suppose -6 = 4*j + i. Let l(o) = 2*o**3 - 2*o**2 - o + 1. Let k(p) = -p**3 - p**2 - p + 1. Let c(r) = -3*k(r) - l(r). Determine c(j).
-4
Let s(p) = -10*p**2 + 7*p - 8. Let l(i) = -i**2 + i - 1. Let n(r) = 18*l(r) - 2*s(r). Determine n(-4).
14
Let p(y) be the third derivative of y**6/60 - y**5/20 + y**4/12 - y**3/6 - 16*y**2. Suppose 2*q + 0*q = 4. Calculate p(q).
7
Let c(j) = -94 - 2*j + 91 - j*